65?
165
Let u = -937 - -1531. Let c be (u/(-81))/((-1)/42). What is the highest common divisor of c and 77?
77
Let z(m) = -74*m + 856. Let v be z(11). Calculate the greatest common divisor of v and 861.
21
Let g(l) = -12*l**3 + 4*l**2 + 193*l + 756. Let u be g(-4). What is the greatest common divisor of 256 and u?
16
Let h = -90 + 82. Let t be h - 1 - (-14 - -9). Let z be 81/(t + (5 - 0)). Calculate the highest common factor of 9 and z.
9
Let t = 360 + -355. Let r be (t/(60/(-9)))/(12/(-80)). What is the highest common divisor of 5 and r?
5
Let j(c) = 3168 + 9*c + 84*c**2 + 60*c**2 - 3137. Let x be j(-3). Calculate the greatest common divisor of 52 and x.
52
Suppose 128 + 168 = -4*o. Let w = o + 85. Let i be 0 + 2 - -238*(-4)/(-8). What is the greatest common divisor of w and i?
11
Suppose -3*m + 34 = -8. Let g(q) = m - 83*q**3 - q - q**2 + 0*q**2 + 82*q**3. Let y be g(0). What is the highest common factor of y and 182?
14
Let i(q) = 6*q + 2. Let d be i(2). Suppose 2*k + 5*x - 38 = 0, 2*x - 7 - 85 = -4*k. Let z be (k/d)/(3/126*6). What is the greatest common divisor of z and 96?
12
Let d be 4896/2*(-23)/(24 + -93). Calculate the greatest common factor of d and 1104.
48
Let w(i) = 2431*i**3 + 2*i**2 + 3*i - 4. Let z be w(1). Suppose -14*x + 6*x = -z. What is the greatest common factor of 16 and x?
16
Suppose 108 + 182 = 2*x. Suppose -11*a + 13*a + 11*z = 227, -4*a - 3*z = -663. Calculate the greatest common factor of x and a.
29
Let m = -16 + 101. Suppose -1025 = -2*n - 2*z + 2175, 4*n + z = 6394. Let a be (n/(-329))/(4/(-14)). Calculate the greatest common factor of a and m.
17
Suppose -75201 - 14427 = -44*x. Calculate the greatest common divisor of 21 and x.
21
Let y(x) be the second derivative of x**4/6 - x**3/3 + x**2/2 - x. Let v = 663 + -659. Let k be y(v). Calculate the greatest common factor of k and 200.
25
Let y = 853087 + -852934. Suppose -4*h = 17 + 3, 0 = -x - 4*h + 48. Calculate the greatest common divisor of x and y.
17
Let a be 4/(-13) + 484/52. Calculate the highest common factor of 19161 and a.
9
Suppose -335 = 5*r - 5. Let b = 62 + r. Let u be (b - 4)*(-3 + 0). Calculate the greatest common divisor of u and 108.
12
Suppose 113 = 5*o + 2*f, 2*f = 67*o - 66*o - 1. Calculate the greatest common factor of o and 35549.
19
Let l(g) = -g**3 + 29*g**2 + 62*g + 25. Let z be l(31). Let c = z - -31. What is the highest common factor of 16 and c?
8
Suppose -2*l = -0*l - z - 27, 2*z - 50 = -4*l. What is the highest common divisor of 1053 and l?
13
Let t(y) = 13*y - 20. Let w be t(12). Let v be -9 + 59 + (7 - 6). Calculate the highest common factor of w and v.
17
Let q = 479 - 474. Suppose g - 4*x = -1, -q*g - x + 89 - 10 = 0. Suppose n = 3*t + 138, 2*n + n - 2*t - 407 = 0. What is the greatest common divisor of g and n?
15
Suppose -3*b + 0 = -5*n - 10, 3*b - 46 = -4*n. Let l be 6/(-18) - b/(-3). Let s be (-2 - (-146)/(-8))*(-8)/l. Calculate the greatest common factor of s and 18.
18
Let o = -746 - -752. Suppose -o*r - 16 = -9*r + 2*m, 4*r + m = 36. What is the greatest common factor of r and 200?
8
Let a = 14978 - 14711. Calculate the highest common factor of a and 123.
3
Let n be (0 + (-4)/5)*105/(-42). Suppose 5*m + 5*x - 5 = 0, -4*m + n*m + x + 8 = 0. Suppose 12 = m*p - 18. What is the highest common factor of 90 and p?
10
Suppose 15 - 9 = 14*d - 22. What is the highest common divisor of d and 7?
1
Suppose -4*r + 4*p = -745 - 431, 3*p + 292 = r. What is the greatest common divisor of r and 413?
59
Let o(i) be the first derivative of 17*i**2/2 - 15*i + 4. Let l be o(4). What is the highest common divisor of l and 106?
53
Let s(a) = 698*a - 9016. Let q be s(13). Calculate the highest common factor of 1479 and q.
29
Let y(k) = -1157*k + 112. Let g be y(26). Let l be ((-1)/3)/(27/g). What is the highest common divisor of 148 and l?
74
Let p = 452 + -36. Suppose -18*u + p = -772. What is the greatest common factor of 12 and u?
6
Let m = 83 - 32. Let n = -84630 + 84715. Calculate the greatest common factor of n and m.
17
Suppose -11 = -2*i - 3. Let r(f) = f**3 - 7*f**2 + 8*f + 2. Let y be r(6). Let u be (-92)/(-28) - 4/y. Calculate the greatest common factor of u and i.
1
Let g(u) = u**2 + 53*u + 575. Let q be g(-38). Calculate the highest common divisor of q and 35.
5
Suppose -3*m + 3*j - 78 = 0, -128 = 2*m + 4*j - 46. Let w = 55 + m. Calculate the greatest common divisor of w and 96.
24
Let i = 5184 - 4320. Calculate the greatest common divisor of i and 128.
32
Suppose 5760 = 76137*p - 76132*p. Calculate the highest common factor of p and 672.
96
Suppose -5*o = -3*t + 5*t - 16, 2*t = -4*o + 12. Let s be (-390)/(-18) + o/(-6). Calculate the highest common factor of 63 and s.
21
Suppose 105*r - 106*r = -532. Let i = r - 301. Calculate the greatest common factor of i and 21.
21
Suppose 56*a + 8 = 58*a. Let c(g) = -g**3 + 6*g**2 + g. Let h be c(6). Suppose h*u = 18 - 6. Calculate the highest common divisor of a and u.
2
Suppose -1131 - 2124 = -5*r. Suppose 74 = q - 4*g, -2*q + 876 = -4*g + 760. Calculate the highest common factor of r and q.
21
Let f = -40 - -18. Let w = f + 32. Suppose 5*z - 49 - 1 = 0. What is the greatest common factor of w and z?
10
Suppose -s + 144 = 5*j - 176, 5*j - 300 = 3*s. Let f = -6 - -11. Suppose 4*b - 3*c = j, 5*b + 16 - 91 = f*c. What is the greatest common divisor of 126 and b?
18
Let c = -18352 + 18366. What is the highest common divisor of 7294 and c?
14
Let d = 218 - 211. Let b be 31 - -7*d/(-49). Suppose -3*w - 2 = -4*f + 25, -4*f - 3*w + 21 = 0. Calculate the highest common divisor of f and b.
6
Suppose -140*j - 76*j - 198*j = -211140. Let y be 61 + 3 + (-1 - 3). What is the highest common factor of j and y?
30
Let p be 20/(10/385*(-7 - -8)). What is the greatest common divisor of p and 910?
70
Let b be -1*(-1 - -3) + (-47 - -49). Suppose 4*y = -2*c + 570, -c = -b*y + 3*y - 425. What is the highest common factor of 910 and y?
70
Let o be ((-18)/(-24))/(50/(-56) - -1). Suppose -4*b = f - 564, 11*b - 12 = o*b. What is the highest common divisor of f and 24?
24
Let d be 2/(-8) + -23 + 20334/24. Calculate the highest common divisor of 64 and d.
8
Suppose 15 = -7*v + 10*v. Suppose 0 = 224*g - 210*g - 98. What is the greatest common factor of g and v?
1
Let r(o) = -o**3 + 56*o**2 + 27*o - 381. Let b be r(56). Calculate the greatest common factor of 348 and b.
87
Let d(a) = 10*a - 5. Let n(j) = 83*j - 40. Let x(g) = 51*d(g) - 6*n(g). Let r be x(3). What is the greatest common divisor of 84 and r?
21
Let b = 94 - 49. Suppose -10*r = 15 - b. Let d be ((-10)/r)/((-214)/(-36) - 6). What is the greatest common divisor of 40 and d?
20
Let q(m) = 9*m**2 - 10*m + 41. Let r be q(14). Let s be 6*(-7 + r/54). Calculate the greatest common divisor of 55 and s.
11
Let s be 0 + 0/(-4) - 9. Let r(b) = -5*b - 43. Let k be r(s). Suppose -2*j + 22 = m, -k*j = 2*m - 4*j - 14. Calculate the greatest common divisor of 96 and m.
12
Let n be 1/1*6*(-48488)/(-87). Suppose 10*a - n = -9*a. Calculate the highest common divisor of a and 11.
11
Let o = 88 - 46. Let a = 289 - 247. What is the greatest common factor of a and o?
42
Suppose -230 = -16*q + 11*q - 5*y, -3*y = -q + 46. What is the greatest common factor of 3151 and q?
23
Let y be -1 + 1 + 4 + -3. Let b be 5*((-846)/(-30))/y. What is the highest common factor of 94 and b?
47
Suppose 0 = 14*z + 10695 - 10863. Suppose 5*w = 3*w + 32. What is the highest common factor of w and z?
4
Suppose 2*q = 3*f + 1584, 5*f = 3*q + 3*f - 2376. Calculate the greatest common factor of 288 and q.
72
Let p = -2818 - -2953. Suppose -4*v = 16, -3*w + 8*v + 235 = 4*v. Suppose -5*i - f + w = 0, 50 = 3*i - 5*f - 5. What is the highest common factor of i and p?
15
Let l = -53 + 77. Let t(f) = f**2 - 24*f - 3. Let u be t(l). Let p be (u/(-6))/((-2)/(-168)). What is the highest common factor of p and 56?
14
Let p(x) = x**3 - 5*x**2 + 131*x - 172. Let c be p(7). Calculate the highest common factor of 11521 and c.
281
Let n be (-285)/6*(16 - 10 - 8). Let k(t) = -t**3 - 9*t**2 - 7*t + 13. Let s be k(-9). What is the greatest common divisor of s and n?
19
Suppose -5*z + 3694 = -2*d, -1067 = -3*z + 4*d + 1155. Calculate the highest common divisor of 126 and z.
18
Suppose 35*h - 31780 = -192*h. Calculate the gr